{"id":4872,"date":"2025-08-21T12:43:52","date_gmt":"2025-08-21T12:43:52","guid":{"rendered":"https:\/\/hosterialasquintas.com.mx\/?page_id=4872"},"modified":"2025-09-24T16:26:12","modified_gmt":"2025-09-24T16:26:12","slug":"coffee-break","status":"publish","type":"page","link":"https:\/\/hosterialasquintas.com.mx\/english\/coffee-break\/","title":{"rendered":"Coffee break"},"content":{"rendered":"<div data-elementor-type=\"wp-page\" data-elementor-id=\"4872\" class=\"elementor elementor-4872\" data-elementor-post-type=\"page\">\n\t\t\t\t<div class=\"has_eae_slider elementor-element elementor-element-a076b5e e-con-full e-flex e-con e-parent\" data-eae-slider=\"65436\" data-id=\"a076b5e\" data-element_type=\"container\" data-settings=\"{&quot;background_background&quot;:&quot;classic&quot;}\">\n\t\t<div class=\"has_eae_slider elementor-element elementor-element-2045728 e-flex e-con-boxed e-con e-child\" data-eae-slider=\"15450\" data-id=\"2045728\" data-element_type=\"container\">\n\t\t\t\t\t<div class=\"e-con-inner\">\n\t\t<div class=\"has_eae_slider elementor-element elementor-element-c64983f e-flex e-con-boxed e-con e-child\" data-eae-slider=\"63750\" data-id=\"c64983f\" data-element_type=\"container\">\n\t\t\t\t\t<div class=\"e-con-inner\">\n\t\t<div class=\"has_eae_slider elementor-element elementor-element-21e99b8 e-con-full e-flex e-con e-child\" data-eae-slider=\"57797\" data-id=\"21e99b8\" data-element_type=\"container\">\n\t\t<div class=\"has_eae_slider elementor-element elementor-element-a66bba4 e-con-full e-flex e-con e-child\" data-eae-slider=\"6499\" data-id=\"a66bba4\" data-element_type=\"container\" data-settings=\"{&quot;background_background&quot;:&quot;classic&quot;}\">\n\t\t\t\t<div class=\"elementor-element elementor-element-7b7ad5d elementor-widget elementor-widget-image\" data-id=\"7b7ad5d\" data-element_type=\"widget\" data-widget_type=\"image.default\">\n\t\t\t\t<div class=\"elementor-widget-container\">\n\t\t\t\t\t\t\t\t\t\t\t\t\t\t\t<img fetchpriority=\"high\" decoding=\"async\" width=\"507\" height=\"280\" src=\"https:\/\/hosterialasquintas.com.mx\/wp-content\/uploads\/2025\/04\/logo.png\" class=\"attachment-large size-large wp-image-3008\" alt=\"\" srcset=\"https:\/\/hosterialasquintas.com.mx\/wp-content\/uploads\/2025\/04\/logo.png 507w, https:\/\/hosterialasquintas.com.mx\/wp-content\/uploads\/2025\/04\/logo-300x166.png 300w, https:\/\/hosterialasquintas.com.mx\/wp-content\/uploads\/2025\/04\/logo-18x10.png 18w, https:\/\/hosterialasquintas.com.mx\/wp-content\/uploads\/2025\/04\/logo-370x204.png 370w, https:\/\/hosterialasquintas.com.mx\/wp-content\/uploads\/2025\/04\/logo-255x141.png 255w, https:\/\/hosterialasquintas.com.mx\/wp-content\/uploads\/2025\/04\/logo-150x83.png 150w\" sizes=\"(max-width: 507px) 100vw, 507px\" \/>\t\t\t\t\t\t\t\t\t\t\t\t\t\t\t<\/div>\n\t\t\t\t<\/div>\n\t\t\t\t<div class=\"elementor-element elementor-element-f1b3444 elementor-widget elementor-widget-heading\" data-id=\"f1b3444\" data-element_type=\"widget\" data-widget_type=\"heading.default\">\n\t\t\t\t<div class=\"elementor-widget-container\">\n\t\t\t\t\t<h1 class=\"elementor-heading-title elementor-size-default\">Coffee Break<\/h1>\t\t\t\t<\/div>\n\t\t\t\t<\/div>\n\t\t\t\t<div class=\"elementor-element elementor-element-1958f95 elementor-widget elementor-widget-heading\" data-id=\"1958f95\" data-element_type=\"widget\" data-widget_type=\"heading.default\">\n\t\t\t\t<div class=\"elementor-widget-container\">\n\t\t\t\t\t<h2 class=\"elementor-heading-title elementor-size-default\">Desde $295.00 por persona<\/h2>\t\t\t\t<\/div>\n\t\t\t\t<\/div>\n\t\t\t\t<div class=\"elementor-element elementor-element-a1f1124 elementor-widget elementor-widget-heading\" data-id=\"a1f1124\" data-element_type=\"widget\" data-widget_type=\"heading.default\">\n\t\t\t\t<div class=\"elementor-widget-container\">\n\t\t\t\t\t<h2 class=\"elementor-heading-title elementor-size-default\">Incluye:<\/h2>\t\t\t\t<\/div>\n\t\t\t\t<\/div>\n\t\t<div class=\"has_eae_slider elementor-element elementor-element-4267e5c e-con-full e-flex e-con e-child\" data-eae-slider=\"91537\" data-id=\"4267e5c\" data-element_type=\"container\">\n\t\t\t\t<div class=\"elementor-element elementor-element-0316058 elementor-align-left elementor-icon-list--layout-traditional elementor-list-item-link-full_width elementor-widget elementor-widget-icon-list\" data-id=\"0316058\" data-element_type=\"widget\" data-widget_type=\"icon-list.default\">\n\t\t\t\t<div class=\"elementor-widget-container\">\n\t\t\t\t\t\t\t<ul class=\"elementor-icon-list-items\">\n\t\t\t\t\t\t\t<li class=\"elementor-icon-list-item\">\n\t\t\t\t\t\t\t\t\t\t\t<span class=\"elementor-icon-list-icon\">\n\t\t\t\t\t\t\t<svg xmlns=\"http:\/\/www.w3.org\/2000\/svg\" width=\"32\" height=\"32\" fill=\"#000000\" viewbox=\"0 0 256 256\"><path d=\"M172.24,99.76a6,6,0,0,1,0,8.48l-56,56a6,6,0,0,1-8.48,0l-24-24a6,6,0,0,1,8.48-8.48L112,151.51l51.76-51.75A6,6,0,0,1,172.24,99.76ZM230,128A102,102,0,1,1,128,26,102.12,102.12,0,0,1,230,128Zm-12,0a90,90,0,1,0-90,90A90.1,90.1,0,0,0,218,128Z\"><\/path><\/svg>\t\t\t\t\t\t<\/span>\n\t\t\t\t\t\t\t\t\t\t<span class=\"elementor-icon-list-text\">Caf\u00e9<\/span>\n\t\t\t\t\t\t\t\t\t<\/li>\n\t\t\t\t\t\t\t\t<li class=\"elementor-icon-list-item\">\n\t\t\t\t\t\t\t\t\t\t\t<span class=\"elementor-icon-list-icon\">\n\t\t\t\t\t\t\t<svg xmlns=\"http:\/\/www.w3.org\/2000\/svg\" width=\"32\" height=\"32\" fill=\"#000000\" viewbox=\"0 0 256 256\"><path d=\"M172.24,99.76a6,6,0,0,1,0,8.48l-56,56a6,6,0,0,1-8.48,0l-24-24a6,6,0,0,1,8.48-8.48L112,151.51l51.76-51.75A6,6,0,0,1,172.24,99.76ZM230,128A102,102,0,1,1,128,26,102.12,102.12,0,0,1,230,128Zm-12,0a90,90,0,1,0-90,90A90.1,90.1,0,0,0,218,128Z\"><\/path><\/svg>\t\t\t\t\t\t<\/span>\n\t\t\t\t\t\t\t\t\t\t<span class=\"elementor-icon-list-text\">T\u00e9<\/span>\n\t\t\t\t\t\t\t\t\t<\/li>\n\t\t\t\t\t\t\t\t<li class=\"elementor-icon-list-item\">\n\t\t\t\t\t\t\t\t\t\t\t<span class=\"elementor-icon-list-icon\">\n\t\t\t\t\t\t\t<svg xmlns=\"http:\/\/www.w3.org\/2000\/svg\" width=\"32\" height=\"32\" fill=\"#000000\" viewbox=\"0 0 256 256\"><path d=\"M172.24,99.76a6,6,0,0,1,0,8.48l-56,56a6,6,0,0,1-8.48,0l-24-24a6,6,0,0,1,8.48-8.48L112,151.51l51.76-51.75A6,6,0,0,1,172.24,99.76ZM230,128A102,102,0,1,1,128,26,102.12,102.12,0,0,1,230,128Zm-12,0a90,90,0,1,0-90,90A90.1,90.1,0,0,0,218,128Z\"><\/path><\/svg>\t\t\t\t\t\t<\/span>\n\t\t\t\t\t\t\t\t\t\t<span class=\"elementor-icon-list-text\">Agua natural y agua de sabor<\/span>\n\t\t\t\t\t\t\t\t\t<\/li>\n\t\t\t\t\t\t\t\t<li class=\"elementor-icon-list-item\">\n\t\t\t\t\t\t\t\t\t\t\t<span class=\"elementor-icon-list-icon\">\n\t\t\t\t\t\t\t<svg xmlns=\"http:\/\/www.w3.org\/2000\/svg\" width=\"32\" height=\"32\" fill=\"#000000\" viewbox=\"0 0 256 256\"><path d=\"M172.24,99.76a6,6,0,0,1,0,8.48l-56,56a6,6,0,0,1-8.48,0l-24-24a6,6,0,0,1,8.48-8.48L112,151.51l51.76-51.75A6,6,0,0,1,172.24,99.76ZM230,128A102,102,0,1,1,128,26,102.12,102.12,0,0,1,230,128Zm-12,0a90,90,0,1,0-90,90A90.1,90.1,0,0,0,218,128Z\"><\/path><\/svg>\t\t\t\t\t\t<\/span>\n\t\t\t\t\t\t\t\t\t\t<span class=\"elementor-icon-list-text\">Pan dulce o galletas<\/span>\n\t\t\t\t\t\t\t\t\t<\/li>\n\t\t\t\t\t\t\t\t<li class=\"elementor-icon-list-item\">\n\t\t\t\t\t\t\t\t\t\t\t<span class=\"elementor-icon-list-icon\">\n\t\t\t\t\t\t\t<svg xmlns=\"http:\/\/www.w3.org\/2000\/svg\" width=\"32\" height=\"32\" fill=\"#000000\" viewbox=\"0 0 256 256\"><path d=\"M172.24,99.76a6,6,0,0,1,0,8.48l-56,56a6,6,0,0,1-8.48,0l-24-24a6,6,0,0,1,8.48-8.48L112,151.51l51.76-51.75A6,6,0,0,1,172.24,99.76ZM230,128A102,102,0,1,1,128,26,102.12,102.12,0,0,1,230,128Zm-12,0a90,90,0,1,0-90,90A90.1,90.1,0,0,0,218,128Z\"><\/path><\/svg>\t\t\t\t\t\t<\/span>\n\t\t\t\t\t\t\t\t\t\t<span class=\"elementor-icon-list-text\">Botana seca y crudit\u00e9s<\/span>\n\t\t\t\t\t\t\t\t\t<\/li>\n\t\t\t\t\t\t<\/ul>\n\t\t\t\t\t\t<\/div>\n\t\t\t\t<\/div>\n\t\t\t\t<\/div>\n\t\t\t\t<div class=\"elementor-element elementor-element-a957da4 gallery-spacing-custom elementor-widget elementor-widget-image-gallery\" data-id=\"a957da4\" data-element_type=\"widget\" data-widget_type=\"image-gallery.default\">\n\t\t\t\t<div class=\"elementor-widget-container\">\n\t\t\t\t\t\t\t<div class=\"elementor-image-gallery\">\n\t\t\t<div id='gallery-1' class='gallery galleryid-4872 gallery-columns-3 gallery-size-full'><figure class='gallery-item'>\n\t\t\t<div class='gallery-icon landscape'>\n\t\t\t\t<img decoding=\"async\" width=\"1280\" height=\"854\" src=\"https:\/\/hosterialasquintas.com.mx\/wp-content\/uploads\/2025\/08\/3-coffe-break.jpeg\" class=\"attachment-full size-full\" alt=\"Coffee break\" srcset=\"https:\/\/hosterialasquintas.com.mx\/wp-content\/uploads\/2025\/08\/3-coffe-break.jpeg 1280w, https:\/\/hosterialasquintas.com.mx\/wp-content\/uploads\/2025\/08\/3-coffe-break-300x200.jpeg 300w, https:\/\/hosterialasquintas.com.mx\/wp-content\/uploads\/2025\/08\/3-coffe-break-1024x683.jpeg 1024w, https:\/\/hosterialasquintas.com.mx\/wp-content\/uploads\/2025\/08\/3-coffe-break-768x512.jpeg 768w, https:\/\/hosterialasquintas.com.mx\/wp-content\/uploads\/2025\/08\/3-coffe-break-18x12.jpeg 18w, https:\/\/hosterialasquintas.com.mx\/wp-content\/uploads\/2025\/08\/3-coffe-break-1200x801.jpeg 1200w, https:\/\/hosterialasquintas.com.mx\/wp-content\/uploads\/2025\/08\/3-coffe-break-780x520.jpeg 780w, https:\/\/hosterialasquintas.com.mx\/wp-content\/uploads\/2025\/08\/3-coffe-break-600x400.jpeg 600w, https:\/\/hosterialasquintas.com.mx\/wp-content\/uploads\/2025\/08\/3-coffe-break-550x367.jpeg 550w, https:\/\/hosterialasquintas.com.mx\/wp-content\/uploads\/2025\/08\/3-coffe-break-370x247.jpeg 370w, https:\/\/hosterialasquintas.com.mx\/wp-content\/uploads\/2025\/08\/3-coffe-break-255x170.jpeg 255w, https:\/\/hosterialasquintas.com.mx\/wp-content\/uploads\/2025\/08\/3-coffe-break-150x100.jpeg 150w\" sizes=\"(max-width: 1280px) 100vw, 1280px\" \/>\n\t\t\t<\/div><\/figure><figure class='gallery-item'>\n\t\t\t<div class='gallery-icon landscape'>\n\t\t\t\t<img decoding=\"async\" width=\"1260\" height=\"945\" src=\"https:\/\/hosterialasquintas.com.mx\/wp-content\/uploads\/2025\/08\/2-coffe-break.jpeg\" class=\"attachment-full size-full\" alt=\"Coffee break\" srcset=\"https:\/\/hosterialasquintas.com.mx\/wp-content\/uploads\/2025\/08\/2-coffe-break.jpeg 1260w, https:\/\/hosterialasquintas.com.mx\/wp-content\/uploads\/2025\/08\/2-coffe-break-300x225.jpeg 300w, https:\/\/hosterialasquintas.com.mx\/wp-content\/uploads\/2025\/08\/2-coffe-break-1024x768.jpeg 1024w, https:\/\/hosterialasquintas.com.mx\/wp-content\/uploads\/2025\/08\/2-coffe-break-768x576.jpeg 768w, https:\/\/hosterialasquintas.com.mx\/wp-content\/uploads\/2025\/08\/2-coffe-break-16x12.jpeg 16w, https:\/\/hosterialasquintas.com.mx\/wp-content\/uploads\/2025\/08\/2-coffe-break-1200x900.jpeg 1200w, https:\/\/hosterialasquintas.com.mx\/wp-content\/uploads\/2025\/08\/2-coffe-break-780x585.jpeg 780w, https:\/\/hosterialasquintas.com.mx\/wp-content\/uploads\/2025\/08\/2-coffe-break-600x450.jpeg 600w, https:\/\/hosterialasquintas.com.mx\/wp-content\/uploads\/2025\/08\/2-coffe-break-550x413.jpeg 550w, https:\/\/hosterialasquintas.com.mx\/wp-content\/uploads\/2025\/08\/2-coffe-break-370x278.jpeg 370w, https:\/\/hosterialasquintas.com.mx\/wp-content\/uploads\/2025\/08\/2-coffe-break-255x191.jpeg 255w, https:\/\/hosterialasquintas.com.mx\/wp-content\/uploads\/2025\/08\/2-coffe-break-150x113.jpeg 150w\" sizes=\"(max-width: 1260px) 100vw, 1260px\" \/>\n\t\t\t<\/div><\/figure><figure class='gallery-item'>\n\t\t\t<div class='gallery-icon landscape'>\n\t\t\t\t<img loading=\"lazy\" decoding=\"async\" width=\"1280\" height=\"854\" src=\"https:\/\/hosterialasquintas.com.mx\/wp-content\/uploads\/2025\/08\/1-coffe-break.jpeg\" class=\"attachment-full size-full\" alt=\"Coffee break\" srcset=\"https:\/\/hosterialasquintas.com.mx\/wp-content\/uploads\/2025\/08\/1-coffe-break.jpeg 1280w, https:\/\/hosterialasquintas.com.mx\/wp-content\/uploads\/2025\/08\/1-coffe-break-300x200.jpeg 300w, https:\/\/hosterialasquintas.com.mx\/wp-content\/uploads\/2025\/08\/1-coffe-break-1024x683.jpeg 1024w, https:\/\/hosterialasquintas.com.mx\/wp-content\/uploads\/2025\/08\/1-coffe-break-768x512.jpeg 768w, https:\/\/hosterialasquintas.com.mx\/wp-content\/uploads\/2025\/08\/1-coffe-break-18x12.jpeg 18w, https:\/\/hosterialasquintas.com.mx\/wp-content\/uploads\/2025\/08\/1-coffe-break-1200x801.jpeg 1200w, https:\/\/hosterialasquintas.com.mx\/wp-content\/uploads\/2025\/08\/1-coffe-break-780x520.jpeg 780w, https:\/\/hosterialasquintas.com.mx\/wp-content\/uploads\/2025\/08\/1-coffe-break-600x400.jpeg 600w, https:\/\/hosterialasquintas.com.mx\/wp-content\/uploads\/2025\/08\/1-coffe-break-550x367.jpeg 550w, https:\/\/hosterialasquintas.com.mx\/wp-content\/uploads\/2025\/08\/1-coffe-break-370x247.jpeg 370w, https:\/\/hosterialasquintas.com.mx\/wp-content\/uploads\/2025\/08\/1-coffe-break-255x170.jpeg 255w, https:\/\/hosterialasquintas.com.mx\/wp-content\/uploads\/2025\/08\/1-coffe-break-150x100.jpeg 150w\" sizes=\"(max-width: 1280px) 100vw, 1280px\" \/>\n\t\t\t<\/div><\/figure>\n\t\t<\/div>\n\t\t<\/div>\n\t\t\t\t\t\t<\/div>\n\t\t\t\t<\/div>\n\t\t\t\t<div class=\"elementor-element elementor-element-c7ca04b elementor-hidden-desktop elementor-hidden-tablet elementor-hidden-mobile elementor-widget-divider--view-line elementor-widget elementor-widget-divider\" data-id=\"c7ca04b\" data-element_type=\"widget\" data-widget_type=\"divider.default\">\n\t\t\t\t<div class=\"elementor-widget-container\">\n\t\t\t\t\t\t\t<div class=\"elementor-divider\">\n\t\t\t<span class=\"elementor-divider-separator\">\n\t\t\t\t\t\t<\/span>\n\t\t<\/div>\n\t\t\t\t\t\t<\/div>\n\t\t\t\t<\/div>\n\t\t\t\t<div class=\"elementor-element elementor-element-4466529 elementor-hidden-desktop elementor-hidden-tablet elementor-hidden-mobile elementor-widget elementor-widget-cs_button\" data-id=\"4466529\" data-element_type=\"widget\" data-widget_type=\"cs_button.default\">\n\t\t\t\t<div class=\"elementor-widget-container\">\n\t\t\t\t\t        <a href=\"https:\/\/api.whatsapp.com\/send?phone=5217771359048\" target=\"_blank\" rel=\"nofollow\" class=\"elementor-button-link button\" role=\"button\">\n            <span class=\"cs-btn-text\">Cont\u00e1ctame<\/span>        <\/a>\t\t\t\t<\/div>\n\t\t\t\t<\/div>\n\t\t\t\t<\/div>\n\t\t\t\t<\/div>\n\t\t\t\t\t<\/div>\n\t\t\t\t<\/div>\n\t\t\t\t\t<\/div>\n\t\t\t\t<\/div>\n\t\t\t\t<\/div>\n\t\t\t\t<\/div>","protected":false},"excerpt":{"rendered":"<p>Coffee Break Desde $295.00 por persona Incluye: Caf\u00e9 T\u00e9 Agua natural y agua de sabor Pan dulce o galletas Botana seca y crudit\u00e9s Cont\u00e1ctame<\/p>","protected":false},"author":3,"featured_media":0,"parent":0,"menu_order":0,"comment_status":"closed","ping_status":"closed","template":"template-wide-content.php","meta":{"cozystay_single_page_hide_site_header":"on","cozystay_single_page_site_header_source":"","cozystay_single_page_custom_site_header":"0","cozystay_single_page_custom_sticky_site_header":"0","cozystay_single_page_hide_page_title":"on","cozystay_single_page_header_section_size":"","cozystay_single_page_header_background_color":"","cozystay_single_page_header_background_position_x":"center","cozystay_single_page_header_background_position_y":"center","cozystay_single_page_header_background_size":"cover","cozystay_single_page_header_background_repeat":"off","cozystay_single_page_header_background_scroll":"on","cozystay_single_page_header_text_color":"","cozystay_single_page_header_show_breadcrumb":"","cozystay_single_page_site_footer_hide_main":"on","cozystay_single_custom_site_footer_main_source":"","cozystay_single_custom_site_footer_main":"0","cozystay_single_page_site_footer_hide_above":"on","cozystay_single_custom_site_footer_above_source":"","cozystay_single_custom_site_footer_above":"0","cozystay_single_page_site_footer_hide_instagram":"on","cozystay_single_page_site_footer_hide_bottom":"on","cozystay_single_custom_mobile_menu_source":"","cozystay_single_custom_mobile_menu":"0","cozystay_single_custom_mobile_menu_animation":"","cozystay_single_custom_mobile_menu_width":"","cozystay_single_custom_mobile_menu_custom_width":375,"_joinchat":[],"footnotes":""},"class_list":["post-4872","page","type-page","status-publish","hentry"],"yoast_head":"<!-- This site is optimized with the Yoast SEO plugin v24.3 - https:\/\/yoast.com\/wordpress\/plugins\/seo\/ -->\n<title>Coffee break - Hoster\u00eda Las Quintas Cuernavaca<\/title>\n<meta name=\"description\" content=\"A solo 60 minutos de la CDMX, Hoster\u00eda Las Quintas es el lugar ideal para descansar y relajarse 121 habitaciones, restaurante y convenciones.\" \/>\n<meta name=\"robots\" content=\"index, follow, max-snippet:-1, max-image-preview:large, max-video-preview:-1\" \/>\n<link rel=\"canonical\" href=\"https:\/\/hosterialasquintas.com.mx\/english\/coffee-break\/\" \/>\n<meta property=\"og:locale\" content=\"en_US\" \/>\n<meta property=\"og:type\" content=\"article\" \/>\n<meta property=\"og:title\" content=\"Hoster\u00eda Las Quintas Cuernavaca \u00a1Reserva!\" \/>\n<meta property=\"og:description\" content=\"A solo 60 minutos de la CDMX, Hoster\u00eda Las Quintas es el lugar ideal para descansar y relajarse 121 habitaciones, restaurante y convenciones.\" \/>\n<meta property=\"og:url\" content=\"https:\/\/hosterialasquintas.com.mx\/english\/coffee-break\/\" \/>\n<meta property=\"og:site_name\" content=\"Hoster\u00eda Las Quintas Cuernavaca\" \/>\n<meta property=\"article:modified_time\" content=\"2025-09-24T16:26:12+00:00\" \/>\n<meta property=\"og:image\" content=\"https:\/\/hosterialasquintas.com.mx\/wp-content\/uploads\/2025\/05\/cropped-Captura-de-pantalla-2025-05-01-a-las-11.37.52.png\" \/>\n\t<meta property=\"og:image:width\" content=\"512\" \/>\n\t<meta property=\"og:image:height\" content=\"512\" \/>\n\t<meta property=\"og:image:type\" content=\"image\/png\" \/>\n<meta name=\"twitter:card\" content=\"summary_large_image\" \/>\n<meta name=\"twitter:label1\" content=\"Est. reading time\" \/>\n\t<meta name=\"twitter:data1\" content=\"1 minute\" \/>\n<script type=\"application\/ld+json\" class=\"yoast-schema-graph\">{\"@context\":\"https:\/\/schema.org\",\"@graph\":[{\"@type\":\"WebPage\",\"@id\":\"https:\/\/hosterialasquintas.com.mx\/coffee-break\/\",\"url\":\"https:\/\/hosterialasquintas.com.mx\/coffee-break\/\",\"name\":\"Coffee break - Hoster\u00eda Las Quintas Cuernavaca\",\"isPartOf\":{\"@id\":\"https:\/\/hosterialasquintas.com.mx\/#website\"},\"primaryImageOfPage\":{\"@id\":\"https:\/\/hosterialasquintas.com.mx\/coffee-break\/#primaryimage\"},\"image\":{\"@id\":\"https:\/\/hosterialasquintas.com.mx\/coffee-break\/#primaryimage\"},\"thumbnailUrl\":\"https:\/\/hosterialasquintas.com.mx\/wp-content\/uploads\/2025\/04\/logo.png\",\"datePublished\":\"2025-08-21T12:43:52+00:00\",\"dateModified\":\"2025-09-24T16:26:12+00:00\",\"description\":\"A solo 60 minutos de la CDMX, Hoster\u00eda Las Quintas es el lugar ideal para descansar y relajarse 121 habitaciones, restaurante y convenciones.\",\"breadcrumb\":{\"@id\":\"https:\/\/hosterialasquintas.com.mx\/coffee-break\/#breadcrumb\"},\"inLanguage\":\"en-US\",\"potentialAction\":[{\"@type\":\"ReadAction\",\"target\":[\"https:\/\/hosterialasquintas.com.mx\/coffee-break\/\"]}]},{\"@type\":\"ImageObject\",\"inLanguage\":\"en-US\",\"@id\":\"https:\/\/hosterialasquintas.com.mx\/coffee-break\/#primaryimage\",\"url\":\"https:\/\/hosterialasquintas.com.mx\/wp-content\/uploads\/2025\/04\/logo.png\",\"contentUrl\":\"https:\/\/hosterialasquintas.com.mx\/wp-content\/uploads\/2025\/04\/logo.png\"},{\"@type\":\"BreadcrumbList\",\"@id\":\"https:\/\/hosterialasquintas.com.mx\/coffee-break\/#breadcrumb\",\"itemListElement\":[{\"@type\":\"ListItem\",\"position\":1,\"name\":\"Home\",\"item\":\"https:\/\/hosterialasquintas.com.mx\/\"},{\"@type\":\"ListItem\",\"position\":2,\"name\":\"Coffee break\"}]},{\"@type\":\"WebSite\",\"@id\":\"https:\/\/hosterialasquintas.com.mx\/#website\",\"url\":\"https:\/\/hosterialasquintas.com.mx\/\",\"name\":\"Hoster\u00eda Las Quintas Cuernavaca\",\"description\":\"\",\"publisher\":{\"@id\":\"https:\/\/hosterialasquintas.com.mx\/#organization\"},\"potentialAction\":[{\"@type\":\"SearchAction\",\"target\":{\"@type\":\"EntryPoint\",\"urlTemplate\":\"https:\/\/hosterialasquintas.com.mx\/?s={search_term_string}\"},\"query-input\":{\"@type\":\"PropertyValueSpecification\",\"valueRequired\":true,\"valueName\":\"search_term_string\"}}],\"inLanguage\":\"en-US\"},{\"@type\":\"Organization\",\"@id\":\"https:\/\/hosterialasquintas.com.mx\/#organization\",\"name\":\"Hoster\u00eda Las Quintas Cuernavaca\",\"url\":\"https:\/\/hosterialasquintas.com.mx\/\",\"logo\":{\"@type\":\"ImageObject\",\"inLanguage\":\"en-US\",\"@id\":\"https:\/\/hosterialasquintas.com.mx\/#\/schema\/logo\/image\/\",\"url\":\"https:\/\/hosterialasquintas.com.mx\/wp-content\/uploads\/2025\/04\/cropped-logo.png\",\"contentUrl\":\"https:\/\/hosterialasquintas.com.mx\/wp-content\/uploads\/2025\/04\/cropped-logo.png\",\"width\":507,\"height\":280,\"caption\":\"Hoster\u00eda Las Quintas Cuernavaca\"},\"image\":{\"@id\":\"https:\/\/hosterialasquintas.com.mx\/#\/schema\/logo\/image\/\"}}]}<\/script>\n<!-- \/ Yoast SEO plugin. -->","yoast_head_json":{"title":"Coffee break - Hoster\u00eda Las Quintas Cuernavaca","description":"A solo 60 minutos de la CDMX, Hoster\u00eda Las Quintas es el lugar ideal para descansar y relajarse 121 habitaciones, restaurante y convenciones.","robots":{"index":"index","follow":"follow","max-snippet":"max-snippet:-1","max-image-preview":"max-image-preview:large","max-video-preview":"max-video-preview:-1"},"canonical":"https:\/\/hosterialasquintas.com.mx\/english\/coffee-break\/","og_locale":"en_US","og_type":"article","og_title":"Hoster\u00eda Las Quintas Cuernavaca \u00a1Reserva!","og_description":"A solo 60 minutos de la CDMX, Hoster\u00eda Las Quintas es el lugar ideal para descansar y relajarse 121 habitaciones, restaurante y convenciones.","og_url":"https:\/\/hosterialasquintas.com.mx\/english\/coffee-break\/","og_site_name":"Hoster\u00eda Las Quintas Cuernavaca","article_modified_time":"2025-09-24T16:26:12+00:00","og_image":[{"width":512,"height":512,"url":"https:\/\/hosterialasquintas.com.mx\/wp-content\/uploads\/2025\/05\/cropped-Captura-de-pantalla-2025-05-01-a-las-11.37.52.png","type":"image\/png"}],"twitter_card":"summary_large_image","twitter_misc":{"Est. reading time":"1 minute"},"schema":{"@context":"https:\/\/schema.org","@graph":[{"@type":"WebPage","@id":"https:\/\/hosterialasquintas.com.mx\/coffee-break\/","url":"https:\/\/hosterialasquintas.com.mx\/coffee-break\/","name":"Coffee break - Hoster\u00eda Las Quintas Cuernavaca","isPartOf":{"@id":"https:\/\/hosterialasquintas.com.mx\/#website"},"primaryImageOfPage":{"@id":"https:\/\/hosterialasquintas.com.mx\/coffee-break\/#primaryimage"},"image":{"@id":"https:\/\/hosterialasquintas.com.mx\/coffee-break\/#primaryimage"},"thumbnailUrl":"https:\/\/hosterialasquintas.com.mx\/wp-content\/uploads\/2025\/04\/logo.png","datePublished":"2025-08-21T12:43:52+00:00","dateModified":"2025-09-24T16:26:12+00:00","description":"A solo 60 minutos de la CDMX, Hoster\u00eda Las Quintas es el lugar ideal para descansar y relajarse 121 habitaciones, restaurante y convenciones.","breadcrumb":{"@id":"https:\/\/hosterialasquintas.com.mx\/coffee-break\/#breadcrumb"},"inLanguage":"en-US","potentialAction":[{"@type":"ReadAction","target":["https:\/\/hosterialasquintas.com.mx\/coffee-break\/"]}]},{"@type":"ImageObject","inLanguage":"en-US","@id":"https:\/\/hosterialasquintas.com.mx\/coffee-break\/#primaryimage","url":"https:\/\/hosterialasquintas.com.mx\/wp-content\/uploads\/2025\/04\/logo.png","contentUrl":"https:\/\/hosterialasquintas.com.mx\/wp-content\/uploads\/2025\/04\/logo.png"},{"@type":"BreadcrumbList","@id":"https:\/\/hosterialasquintas.com.mx\/coffee-break\/#breadcrumb","itemListElement":[{"@type":"ListItem","position":1,"name":"Home","item":"https:\/\/hosterialasquintas.com.mx\/"},{"@type":"ListItem","position":2,"name":"Coffee break"}]},{"@type":"WebSite","@id":"https:\/\/hosterialasquintas.com.mx\/#website","url":"https:\/\/hosterialasquintas.com.mx\/","name":"Hoster\u00eda Las Quintas Cuernavaca","description":"","publisher":{"@id":"https:\/\/hosterialasquintas.com.mx\/#organization"},"potentialAction":[{"@type":"SearchAction","target":{"@type":"EntryPoint","urlTemplate":"https:\/\/hosterialasquintas.com.mx\/?s={search_term_string}"},"query-input":{"@type":"PropertyValueSpecification","valueRequired":true,"valueName":"search_term_string"}}],"inLanguage":"en-US"},{"@type":"Organization","@id":"https:\/\/hosterialasquintas.com.mx\/#organization","name":"Hoster\u00eda Las Quintas Cuernavaca","url":"https:\/\/hosterialasquintas.com.mx\/","logo":{"@type":"ImageObject","inLanguage":"en-US","@id":"https:\/\/hosterialasquintas.com.mx\/#\/schema\/logo\/image\/","url":"https:\/\/hosterialasquintas.com.mx\/wp-content\/uploads\/2025\/04\/cropped-logo.png","contentUrl":"https:\/\/hosterialasquintas.com.mx\/wp-content\/uploads\/2025\/04\/cropped-logo.png","width":507,"height":280,"caption":"Hoster\u00eda Las Quintas Cuernavaca"},"image":{"@id":"https:\/\/hosterialasquintas.com.mx\/#\/schema\/logo\/image\/"}}]}},"_links":{"self":[{"href":"https:\/\/hosterialasquintas.com.mx\/english\/wp-json\/wp\/v2\/pages\/4872","targetHints":{"allow":["GET"]}}],"collection":[{"href":"https:\/\/hosterialasquintas.com.mx\/english\/wp-json\/wp\/v2\/pages"}],"about":[{"href":"https:\/\/hosterialasquintas.com.mx\/english\/wp-json\/wp\/v2\/types\/page"}],"author":[{"embeddable":true,"href":"https:\/\/hosterialasquintas.com.mx\/english\/wp-json\/wp\/v2\/users\/3"}],"replies":[{"embeddable":true,"href":"https:\/\/hosterialasquintas.com.mx\/english\/wp-json\/wp\/v2\/comments?post=4872"}],"version-history":[{"count":10,"href":"https:\/\/hosterialasquintas.com.mx\/english\/wp-json\/wp\/v2\/pages\/4872\/revisions"}],"predecessor-version":[{"id":5010,"href":"https:\/\/hosterialasquintas.com.mx\/english\/wp-json\/wp\/v2\/pages\/4872\/revisions\/5010"}],"wp:attachment":[{"href":"https:\/\/hosterialasquintas.com.mx\/english\/wp-json\/wp\/v2\/media?parent=4872"}],"curies":[{"name":"wp","href":"https:\/\/api.w.org\/{rel}","templated":true}]}}